 2*p + 3 + 5*p**2 - p**3. Suppose 4 + 8 = 3*v. Calculate u(v).
1
Let v(k) be the first derivative of -6*k - 17 + 1/2*k**2. Calculate v(0).
-6
Let q(r) = -r**3 - r**2 + 3*r. Let h(a) = -a**3 - 7*a**2 - 4*a + 14. Let b be h(-6). Let w be (-8 + 16 - 2)*b/(-4). What is q(w)?
9
Let h(c) = 20*c - 6*c - 7 - 15*c - c**2 - 7*c. Suppose 5*n + 27 + 2 = -3*f, 5*n + f + 33 = 0. Determine h(n).
0
Suppose -2*h + 4*n - 12 = -4*h, 4*h + 3*n = 19. Let z(j) be the second derivative of j**3/6 - 3*j**2/2 + 28*j. What is z(h)?
1
Let m(y) be the first derivative of y**3/3 + 3*y**2 - 9*y - 21. Let l = 65 + -73. Determine m(l).
7
Suppose -l - 4 = -0. Let a(r) = 4*r - 1. Let c be a(l). Let u = c - -23. Let w(o) = -o + 4. Determine w(u).
-2
Let f(k) = -25*k + 2. Suppose -q + 2*o = -7, 10*q - 12 = 4*q - 3*o. Calculate f(q).
-73
Let n(j) = 13*j**2 - 5*j - 27. Let g(t) be the first derivative of -t**3 + t**2/2 + 7*t + 22. Let o(i) = 9*g(i) + 2*n(i). Determine o(0).
9
Let r(k) be the second derivative of -k**5/20 - 2*k**4/3 - k**3 + 5*k**2/2 + 52*k - 1. What is r(-7)?
-2
Let m be 20/6*(2178/90 - 23). Let f(a) be the third derivative of 0*a - 1/12*a**m + 1/3*a**3 - a**2 + 0. Give f(5).
-8
Let a(v) = -2*v - 33. Let d = -520 - -500. Determine a(d).
7
Let o(z) = 7*z + 2. Suppose 0 = f + 1, 0 = 4*i - 7*f + 2*f + 3. Calculate o(i).
-12
Let q(n) = -2*n + 5. Let i(f) = -f**3 + 5*f**2 + 4. Let l be i(5). Give q(l).
-3
Let d(a) be the first derivative of 1 + 1/2*a**2 - 1/3*a**3 - a + 3/2*a**4. Give d(1).
5
Let y(n) = 3*n + 720 - 358 - 336 - 2*n. Give y(-14).
12
Let g(l) be the second derivative of l**7/1260 + l**6/80 + l**5/120 + 13*l**4/6 - 23*l. Let c(f) be the third derivative of g(f). Give c(-6).
19
Let x be ((-3)/1)/((-9)/12). Suppose 0 = -x*d + 3 + 21. Let q(z) = -z**3 + 5*z**2 + 5*z + 2. Calculate q(d).
-4
Let a(w) = -w**3 - 5*w**2 + 6*w. Let f be 6 - (2 + -4 + 4). Suppose -2*p + 4*x - 2 = 14, 3*x + 21 = -f*p. Give a(p).
0
Let k(f) = f**2 - 3 - 4*f - 4*f + 14*f - 6*f + 4*f. What is k(-7)?
18
Let g(o) be the second derivative of -o**3/3 - 5*o**2/2 - 13*o. Let n be g(-5). Let u(x) = -5*x + 5. What is u(n)?
-20
Let t(h) be the first derivative of h**5/30 - h**4/8 + 14*h**3/3 + 3. Let b(a) be the third derivative of t(a). Let z = 0 - -2. What is b(z)?
5
Let q(b) = -18 + 5 + 8 - b + 12. What is q(7)?
0
Suppose 0 = 173*h - 177*h - 8. Let m(n) = -n**2 - 1 + 0*n**2 - n**2. Calculate m(h).
-9
Let s(c) = -c**2 + 1. Let l = -147 + 225. Suppose 3*q - 6*q = -l. Suppose -q*h = -22*h + 8. Give s(h).
-3
Let m(u) be the second derivative of u**4/3 + u**3/3 - u**2/2 - 73*u. Determine m(-2).
11
Suppose 4*v - 21 = 2*l + 9, 18 = 3*v + 3*l. Let f(h) = h**2 - 6*h - 13. What is f(v)?
-6
Let t(i) = i**2 - 4*i - 2. Let n be t(4). Let p(d) = -d**3 + 2*d - 1. Let u be p(n). Let r(w) = 10 + 2*w**2 + 4 - 13 - 3*w. What is r(u)?
10
Suppose b + 3*b = -20, -2*s + b + 9 = 0. Let f(m) = 3*m - m**3 - 3 - m**2 + s + m**2 - 3*m**2. Determine f(-4).
3
Let m(k) be the third derivative of k**7/5040 + k**6/144 - 8*k**5/15 + 11*k**2. Let b(i) be the third derivative of m(i). Calculate b(6).
11
Suppose -g + 2*u - 1 - 1 = 0, g = 5*u - 2. Let i be -3*(3 + (g - 0)). Let o(m) = -m**3 - 3*m**2 - 4*m. Give o(i).
12
Let j(m) = -7*m - 3. Let k be (-5)/(-3 - (-7 + 3)). Let g(n) = -10*n - 4. Let q(f) = k*g(f) + 7*j(f). Let i be (-4)/(-2*2/(-4)). Determine q(i).
-5
Let m(z) = -2*z**2 - 15*z - 1. Let n(f) = 17*f + 588. Let c be n(-35). Calculate m(c).
6
Let v(m) be the second derivative of -m**5/10 + m**4/4 + 2*m**3/3 - 9*m**2/2 + 4*m + 71. Determine v(2).
-5
Let x be (-14 + 2)*(-2 + (-78)/12). Let q = 100 - x. Let k(a) be the second derivative of -a**5/20 - 5*a**4/12 - a**3/3 + a**2 + a. Give k(q).
-6
Let d = -25 - -35. Suppose 5*v - d = 0, -3*w = 4*v - 20 - 3. Let y(c) = -c**3 + 4*c**2 + 8*c - 5. Determine y(w).
10
Let s(d) be the third derivative of 0 + 1/120*d**6 + 0*d - 1/20*d**5 - 2/3*d**3 + 1/8*d**4 - 12*d**2. Calculate s(3).
5
Let x(z) be the second derivative of -5/2*z**2 + 1/3*z**3 - 41*z + 0. What is x(6)?
7
Suppose -5*z - 5*y = -3*z - 25, 2*z = y - 5. Suppose z*m = -3*m + 5*p + 7, -2*p = -4*m. Let b(s) = 3*s**2 + 1 - 10*s**2 + s + 0*s. Determine b(m).
-7
Let l(p) be the first derivative of p**4/4 - 5*p**3/3 - 5*p**2/2 - 6*p + 193. Determine l(6).
0
Let q(h) = -2*h**2 - 5*h - 3. Let u(y) = 2*y**3 + 6*y**2 - 6*y + 5. Let p be u(-4). Give q(p).
-6
Let v(x) be the second derivative of x**4/12 - x**3/3 - 5*x**2/2 - 14*x - 2. Calculate v(6).
19
Let t = 25 - 23. Suppose 0 = 4*u - t*g - 0*g + 4, 2*u = -5*g + 22. Let o(q) = -4*q**3 - 1. Give o(u).
-5
Let o(f) = -7*f**3 + 57*f + 57*f + 14*f**2 - 113*f - 11*f**2. Give o(-1).
9
Let w(x) be the third derivative of x**5/60 + x**4/12 + 5*x**3/2 - 789*x**2. What is w(-7)?
50
Let l(w) = 3*w + 28. Let a(s) = -s - 9. Let k(q) = -8*a(q) - 3*l(q). Let f be 20/(-80) + (-1)/(-4). What is k(f)?
-12
Let c(d) = 42*d + 5 + d**2 + 0*d**2 - 10*d - 27*d. Give c(-3).
-1
Let s(p) = -7*p**2 + 34*p**3 - 13*p**3 - 4*p**2 + 8*p**2 + 2*p**2. Calculate s(1).
20
Let f(b) = b**3 + 7*b**2 + 3*b + 4. Let q = 1199 + -1205. Give f(q).
22
Let a(k) be the first derivative of -1/2*k**2 - 4*k + 1. What is a(-9)?
5
Let u(i) = -i**2 + 5*i + 17. Let g be u(7). Suppose -7 = 5*n + o, -4*n - g*o = 2*o + 14. Let s be (n - -1)*1/(-3). Let b(t) = -t**2 - 1. Determine b(s).
-1
Let x(l) be the first derivative of -l**2/2 - l - 16. Determine x(3).
-4
Let r(a) = a**3 - 2*a**2. Let h(l) = 17*l**3 - l - 1. Let d be h(-1). Let s = d + 20. Suppose -5*b = s*w + 2 - 3, -2*b = 2. Calculate r(w).
0
Let u(l) be the third derivative of 1/24*l**4 + 0 + 4*l**2 + l**3 + 0*l. Suppose -4 = -0*q + 2*q + 4*v, -2*q = 5*v + 3. What is u(q)?
2
Let t = 2 + 20. Let m = t - 24. Let j(q) = 3*q**2 - 2*q - 2. Determine j(m).
14
Let n(h) = h - 2. Let t(p) = -4*p + 9. Let y(o) = -9*n(o) - 2*t(o). Let l(x) = x**3 + 3*x**2 - 6*x - 5. Let f(z) = l(z) - y(z). Let j = -9 + 5. What is f(j)?
-1
Let n(x) = 2 - 3*x + x**3 - 3 - 2*x - 2*x**2. Suppose -3*w + 6 = -15. Suppose 0 = -4*l + p + 16, w*l - 4*l - p = 12. Determine n(l).
11
Let n(d) = d**2 + 5*d + 3. Suppose 0 = c + 5 - 70. Let w = 43 - c. Let j = w + 19. Determine n(j).
-3
Let a(o) = -o + 7. Suppose 8*z - 874 = -810. Give a(z).
-1
Let k(l) = l**3 + 7*l**2 + 5*l + 4. Let z(a) = 2*a**3 + 15*a**2 - 10*a - 21. Let g be z(-8). Give k(g).
29
Let u(y) = -y**2 - 6*y + 5. Let n(p) = -12*p + 78. Let t be n(7). Determine u(t).
5
Suppose -20*b = -31 - 9. Let w(d) be the second derivative of -d**b - 5*d - d**3 - 1/12*d**4 + 0. Determine w(-4).
6
Let u(k) = -17*k + 1. Let m(b) = 10*b. Let y(c) = -4*m(c) - 3*u(c). Give y(1).
8
Let d = -5 + -32. Let r = d - -35. Let y(o) = 0*o**3 - 4*o**2 - o**3 - o + 0*o**3. Give y(r).
-6
Suppose 0 = -17*x + 21*x + 16. Let l be (-7)/2*8/x. Let v(f) = f**2 - 8*f - 4. What is v(l)?
-11
Let i(x) = -x**3 + 11*x**2 + 27*x - 11. Let l = -657 - -670. Give i(l).
2
Let s(u) = -9*u + 18*u + 10*u + 8 - 8. Determine s(-2).
-38
Let t(n) = 2*n**3 + 51*n**2 + 27*n + 64. Let o be t(-25). Let p(y) = 3*y - 32. Determine p(o).
10
Let w be 4/2 - (21 + 3). Let y(b) = -b. Let p(o) = -o**2 + 13*o. Let d(z) = w*y(z) - 2*p(z). Let x = -4 - -7. Give d(x).
6
Suppose 42 = -5*p - 3*u, -p - 13 = u - 5. Let s = 13 + p. Let i(w) = -2*w - 2*w**2 - 2*w + s*w**2 + 2*w. Give i(2).
4
Suppose -31*a + 32*a + 4 = 0. Let v(j) = -j. Let b(y) = -2*y + 1. Let t(x) = 3*b(x) - 5*v(x). Calculate t(a).
7
Let j(l) = -8*l**2 - 6*l**2 + 30*l**2 - 6*l + 13*l - 15*l**2 - 13. What is j(-9)?
5
Let g be 1*(3 + 9/(-3)). Let n(t) = t**3 - 8*t - 2 + g*t + 5*t**2 + 0 + 7*t. Give n(-4).
18
Let s be 9/(-4)*(-10 + 6). Let p = 5 - s. Let k(l) = 0*l - 2*l**2 + 6*l**2 + l**3 + l + 1. What is k(p)?
-3
Let w(t) be the second derivative of -t**4/12 + t**3/3 + t**2/2 - t. Let l be (2/(-1))/((-250)/500). Determine w(l).
-7
Let h be 1/1*-1 - 1. Let t be (4/4)/((-3)/(-33)). Let u(r) = -9*r + 11. Let i(a) = 3*a - 4. Let c(z) = t*i(z) + 4*u(z). Give c(h).
6
Let x(h) = 3*h**2 + 3*h + 14. Let o(s) = 2*s**2 + 2*s - 1. Let r(l) = -2*o(l) + x(l). Give r(-7).
-26
Let g(k) = k**3 + 5*k**2 + 2*k - 4. Let c be g(-4). Let b(f) = f - 2*f**2 - c*f - 2*f + 2*f. Give b(-2).
-2
Let s(d) = -d**3 - 3*d**2 - 3*d + 7. Let t(z) = z**2 - 1. Let h(x) = -s(x) + 2*t(x). Determine h(